ative of -h**4/4 - h**3/3 + h**2 - 2*h. Give p(d).
-14
Let y(s) be the second derivative of -s**5/20 - 5*s**4/12 - s**3 + 2*s**2 + 87*s. Let z(k) = 9*k**2 + 10*k - 7. Let p(b) = 5*y(b) + 3*z(b). Give p(1).
-4
Suppose 0 = -3*a + 37 - 25. Suppose 8 = -2*d - z, 4 = -2*d - 4*z - a. Let p(j) = 2*j**2 + 6*j + 4. Determine p(d).
12
Let g(l) = -6*l - 92. Let q be g(-16). Let i(f) = 3*f**2 - f + 3. Let k(s) = s**2 + 1. Let b(t) = -i(t) + k(t). Calculate b(q).
-30
Let z = -20007 - -20005. Let c(u) = 3*u**2 + 5*u - 3. Let r(v) = -3*v**2 - 6*v + 3. Let j(n) = -5*c(n) - 4*r(n). Calculate j(z).
-7
Let k(g) = 2*g - 2. Let n(f) = 2*f + 100 + f**2 - 194 + 93. Let p be n(-3). Calculate k(p).
2
Let r(h) = -h - 1. Suppose 3*f = -7*k + 6*k - 270, 4*f = -5*k - 360. Let c = f + 91. Let n(u) = -6*u - 10. Let t(j) = c*n(j) - 4*r(j). What is t(6)?
-18
Let f(i) = 10*i + 54. Let z be -7 + 33/(-11) - (-7 + 2). Give f(z).
4
Let t = 509 + -399. Let j(d) = t + 118 - 226 - d. Give j(-6).
8
Let g(y) be the first derivative of -4*y - 158 - 1/2*y**2. Determine g(-5).
1
Suppose -8*r = -12*r + 4. Let i(j) = 1368*j - 2737*j + 1364*j. What is i(r)?
-5
Let b(h) be the first derivative of -h**2/2 + 2*h - 993. Suppose -47 = 6*w + 103. Let q = w + 25. Calculate b(q).
2
Let f(q) = q**2 + 5*q + 7. Let z be f(-5). Suppose 4*w - z*w = 0. Let r(n) = 0*n**3 - 5 + 2*n**3 - n - n**2 - 3*n**3. Calculate r(w).
-5
Let a(f) be the second derivative of f**5/4 - f**2/2 + 7*f. Let d = -90 + 91. Let y be d + 4/(-8)*0. What is a(y)?
4
Suppose 75 = -18*x + 3*x. Let w(c) = 2*c**3 + 9*c**2 - 5*c - 5. Let v be w(x). Let h(r) = -3*r - 10. Calculate h(v).
5
Let s = 21 - 14. Let q(t) = t + t - s - t. Let d(h) = -h**3 + 32*h**2 - 34*h + 86. Let m be d(31). Determine q(m).
-14
Let x(a) = -16*a**2 + 17*a - 3. Let l(g) be the first derivative of -3*g**3 + 9*g**2/2 - g - 313. Let d(b) = -7*l(b) + 4*x(b). Give d(5).
-5
Let n(i) be the third derivative of 3 - 1/10*i**5 - 2*i**2 - 1/120*i**6 + 1/12*i**4 + 0*i - 1/6*i**3. Let j be (-2 + 2 - 1) + -5. What is n(j)?
-13
Let k(c) = -c**2 - 5*c + 6. Let a be k(-4). Let z = -38 + 41. Let s(r) = -a*r + z*r + 4*r + 1 - 2*r. Calculate s(-2).
11
Suppose 0*h - a - 1 = -3*h, -a = -h - 3. Let n(z) = -6 - h + 0 - 2*z. Let r = -34 - -27. Determine n(r).
6
Let b(x) = -x**2 - 15*x - 20. Let r be ((-44)/12)/((-17)/255). Let p be (-33)/r - 2/5*31. Give b(p).
6
Suppose 10*m = 396 + 834. Suppose 0 = 5*t + 118 - m. Let q(h) = -9*h**3 - h**2 + 2*h - 1. Calculate q(t).
-9
Let u(v) be the first derivative of -v**3/6 + 5*v**2/2 - v + 1. Let y(p) be the first derivative of u(p). Suppose -24*w - 20*w + 220 = 0. Give y(w).
0
Let j(h) be the first derivative of -h**3 + 11*h**2 + 9*h - 16. Let k(q) = -2*q**2 + 15*q + 6. Let o(a) = -5*j(a) + 7*k(a). Suppose 77 = -s + 12*s. Give o(s).
11
Suppose -5*r = -r + 4*z + 244, -4*r = -5*z + 271. Let n = r - -68. Suppose n*b - 4*t - 12 = 0, -3*b - 3*t = 2*b - 31. Let p(y) = y - 3. What is p(b)?
2
Let q(v) = -56 - 148*v**2 + 16*v + 124*v**2 - 144*v**2 + 170*v**2. Calculate q(3).
10
Let k(g) be the third derivative of -g**5/60 - g**4/24 - 2*g**3/3 + 396*g**2 - 2. Calculate k(-7).
-46
Let x(b) = 5*b**2 - b - 7. Let k(h) = 16*h**2 - 2*h - 21. Let q(m) = -6*k(m) + 17*x(m). Calculate q(1).
-9
Let c(i) be the first derivative of i**3/3 + 2*i**2 - 7*i - 1. Let p be -24*4/12 + 1. Determine c(p).
14
Let w(p) = -2*p**2 - 2*p + 4. Let d(o) = -2*o**3 - 3*o**2 + 7*o + 17. Let f be d(-2). Suppose f*n + 76 = 55. Determine w(n).
-8
Let k = -1037 + 1808. Let a = k - 764. Let o(u) = -u**2 + 7*u - 10. What is o(a)?
-10
Let y(r) = 13*r**2 - 12*r + 11. Let w(m) = 8*m**2 - 8*m + 7. Suppose 0 = q + 2*j + 1, 0 = q + 3*j - 4 + 3. Let f(p) = q*y(p) + 8*w(p). Calculate f(-5).
-4
Let v(j) be the third derivative of -j**4/24 + j**3/6 - j**2. Suppose 52 = 3*f - 9*f - 7*f. Calculate v(f).
5
Let y(w) = -1. Let c(q) = -5*q**2 - q - 2. Let h(r) = c(r) - 6*y(r). Let u be ((-2142)/(-1190))/(24/(-40)). Calculate h(u).
-38
Let j = 5 + -6. Let w = -85 + 108. Let d(a) = w*a + 20*a + 1 + 11*a - 45*a. Calculate d(j).
-8
Let i(w) = -3*w**3 + 79*w**2 - 178*w - 117. Let g(p) = -p**3 + 27*p**2 - 59*p - 39. Let s(h) = -7*g(h) + 2*i(h). What is s(29)?
10
Let w(s) = 16*s + 1. Suppose -819 = 4*k - 5*p, 11*p = 5*k + 14*p + 1070. Let f = k - -212. Calculate w(f).
17
Let j(z) = 8*z + 4*z - 19*z - 14*z - 1. Determine j(-2).
41
Suppose -5*l = 3*w - 34 - 171, 4*l + w - 171 = 0. Suppose 13*g + 47 = -l. Let q(a) = a**3 + 7*a**2 - 10. What is q(g)?
-10
Suppose 5*a - 3*a - 28 = k, a = 3*k + 64. Let y be k/35 - 260/(-14). Let w(u) = -u + 12. Give w(y).
-6
Let d(v) = -10*v - 43. Let i be d(-5). Let j(r) = 17*r**3 - 7*r - 3. Let w(p) = -25*p**3 + 10*p + 4. Let z(f) = i*j(f) + 5*w(f). Give z(1).
-6
Let u = 11 + -19. Let g = u + 3. Let w(q) = -120*q - q**3 + 28*q - 5*q**2 - 5 + 30*q + 62*q. What is w(g)?
-5
Let j(l) be the first derivative of -l**3/3 + 2*l**2 + 34*l + 30. Let g(x) be the first derivative of j(x). What is g(-3)?
10
Let p(j) be the first derivative of j**4/4 + 2*j**3/3 - 7*j**2/2 - 6*j - 22. Let f = -46 + 50. Suppose -3*g - 4 = f*a, 2*g = -2*g + 16. Determine p(a).
-10
Let x be 16 + -3 - (0 - 4)/(-4). Let d(l) = 957*l**2 + l**3 + 23 + 7 - 972*l**2 + x*l. Determine d(14).
2
Let x = -59 - -206. Let r(d) = -293 + d + 2*d + 6*d**3 - 2*d**2 - d + 145 + x. Let b(l) = l**3 - l**2 + 1. Let m be b(0). What is r(m)?
5
Let q be 9/((-81)/3)*3. Let l(m) = -m + 3 - 131*m**3 - 4 + 132*m**3 + m**2 + 0*m**2. What is l(q)?
0
Let n(v) = -v**2 - 3*v + 5. Let u = 344 + -252. Let b be 8/6*69/u*-5. Give n(b).
-5
Let h(z) be the first derivative of 3*z**2/2 + 17*z + 6. Let w = 3098 + -3106. Determine h(w).
-7
Let b(d) = d**3 + 5*d**2 + 4*d + 2. Let l = -44 - -80. Suppose -l = f + 4*k, -f = -0*f - 3*k + 15. Let u be (f/(-9))/((-4)/6). What is b(u)?
2
Let l = 19 - 20. Let w be (l*4/6)/(4/(-24)). Let g be -1 + w - (-22)/11. Let q(i) = i - 7. Calculate q(g).
-2
Let t(w) = 5*w**2 + 21*w + 6. Let i(m) = -m**2 - 4*m - 1. Let c(o) = -11*i(o) - 2*t(o). Let q be ((-4)/(-6))/(45/(-135)) - 2. Calculate c(q).
7
Suppose -7*a - 228 = -26*a. Suppose -4*u - 20 = -y, 4*u - y + a = 2*y. Let j(i) = -3*i - 17. Calculate j(u).
1
Let r be (-17 - -20)*4/6. Let m(g) = -g - 1. Let c be m(-3). Let l(f) = 0 + 2*f + 3*f**c - 4*f**2 - f**3 + 0 - 3. Give l(r).
-11
Suppose 8*k - 3*k + 10 = 0. Let l(t) = 2*t - 3*t**3 + 13149 - 6572 - 6575. Give l(k).
22
Let x(g) be the first derivative of g**6/360 - g**4/12 + g**3/3 - 6*g - 46. Let u(f) be the third derivative of x(f). Determine u(3).
7
Let f(o) = -3*o + 56. Let r be f(18). Let b(a) = -8*a - 3*a - a**r - 10 - 84*a**3 + 85*a**3 - 10*a**2. What is b(12)?
2
Let h(c) = 5*c**3 - 2*c**2 + 9*c - 1. Let j(b) = -17*b**3 + 3*b**2 - 26*b + 3. Let i(a) = 7*h(a) + 2*j(a). Give i(6).
-7
Let p(m) be the first derivative of m**4/4 - 2*m**3/3 - m**2 + 10*m + 39. What is p(0)?
10
Let x be -4*2/3*9/(-6). Suppose -n = 4*n + x*c + 7, 4*c = 5*n - 17. Let k(i) = n + 2*i - 11*i**2 - 12*i**2 + 22*i**2. Determine k(-2).
-7
Let s(q) = 52 + 56 - 36*q + 4*q**2 + 3*q**2 - q**3 + 6*q**2 - 106. What is s(9)?
2
Let o(x) be the first derivative of -5/3*x**3 + 2*x - 3/2*x**2 - 79 + 1/4*x**4. What is o(5)?
-13
Let w(s) be the first derivative of -19*s**2/2 - 4*s + 8288. Determine w(4).
-80
Suppose 0 = -6*w - 5*w + 121. Let z(u) = w*u - 19*u + 7*u + 11*u. Calculate z(1).
10
Suppose 164*l - 9 = 15 - 188. Let p(a) = 7*a - 3. Determine p(l).
-10
Let w = 235 - 230. Let p be (-22)/(w/(15/6)). Let s(k) = 2*k + 8. What is s(p)?
-14
Let m be ((-50)/3)/((-205)/246). Let a(r) = 10*r - 202. Give a(m).
-2
Let u(j) = -j**3 + 3*j**2 + 2*j + 1. Let i(f) = 4*f**3 - 21*f**2 - 17*f - 1. Let l(r) = -i(r) - 3*u(r). Give l(13).
-28
Suppose 0 = -5*p + b + 70, 23 = 1796*p - 1795*p - 2*b. Let t(l) = -l**3 + 13*l**2 - l + 31. Give t(p).
18
Let w(d) = -6*d - 6. Let o(r) = 5*r + 5. Let h(j) = 3*o(j) + 2*w(j). Let s(v) = -v**3 - v**2 + 4*v + 7. Let y be s(-2). What is h(y)?
12
Let c(m) = -3*m. Let r = 20 + -34. Suppose 4*f = 5*v - 0*v - 63, 5*f = v. Let x = r + v. Give c(x).
-3
Let z = 19733 + -19722. Let i(m) = -m**2 + 10*m - 17. Calculate i(z).
-28
Let f(h) = h + h - h - 14 - 2*h - 3*h. Give f(0).
-14
Let g(l) = -2*l**2. Suppose 5*d - 57 = 5*k + 58, 53 = 2*d + 5*k. Suppose 